{"id":3,"date":"2021-10-28T01:32:33","date_gmt":"2021-10-28T01:32:33","guid":{"rendered":"http:\/\/yugenestilo.com\/?page_id=3"},"modified":"2022-04-08T20:08:30","modified_gmt":"2022-04-08T20:08:30","slug":"politica-privacidad","status":"publish","type":"page","link":"https:\/\/yugenestilo.com\/index.php\/politica-privacidad\/","title":{"rendered":"Pol\u00edtica de privacidad"},"content":{"rendered":"\t\t<div data-elementor-type=\"wp-page\" data-elementor-id=\"3\" class=\"elementor elementor-3\">\n\t\t\t\t\t\t\t\t\t<section class=\"elementor-section elementor-top-section elementor-element elementor-element-3183f1a1 elementor-section-boxed elementor-section-height-default elementor-section-height-default\" data-id=\"3183f1a1\" data-element_type=\"section\">\n\t\t\t\t\t\t<div class=\"elementor-container elementor-column-gap-default\">\n\t\t\t\t\t<div class=\"elementor-column elementor-col-100 elementor-top-column elementor-element elementor-element-30426211\" data-id=\"30426211\" data-element_type=\"column\">\n\t\t\t<div class=\"elementor-widget-wrap elementor-element-populated\">\n\t\t\t\t\t\t\t\t<div class=\"elementor-element elementor-element-5ea87ba5 elementor-widget elementor-widget-text-editor\" data-id=\"5ea87ba5\" data-element_type=\"widget\" data-widget_type=\"text-editor.default\">\n\t\t\t\t<div class=\"elementor-widget-container\">\n\t\t\t<style>\/*! elementor - v3.18.0 - 20-12-2023 *\/\n.elementor-widget-text-editor.elementor-drop-cap-view-stacked .elementor-drop-cap{background-color:#69727d;color:#fff}.elementor-widget-text-editor.elementor-drop-cap-view-framed .elementor-drop-cap{color:#69727d;border:3px solid;background-color:transparent}.elementor-widget-text-editor:not(.elementor-drop-cap-view-default) .elementor-drop-cap{margin-top:8px}.elementor-widget-text-editor:not(.elementor-drop-cap-view-default) .elementor-drop-cap-letter{width:1em;height:1em}.elementor-widget-text-editor .elementor-drop-cap{float:left;text-align:center;line-height:1;font-size:50px}.elementor-widget-text-editor .elementor-drop-cap-letter{display:inline-block}<\/style>\t\t\t\t<p><strong>ALCANCE<\/strong><\/p>\n<p>La presente Pol\u00edtica de Protecci\u00f3n de Datos Personales ha sido elaborada conforme a lo dispuesto en la Constituci\u00f3n Pol\u00edtica, la Ley 1581 de 2012, el Decreto reglamentario 1377 de 2013 y dem\u00e1s disposiciones complementarias, las cuales ser\u00e1n aplicadas por YUGEN a todas las Bases de Datos y\/o Archivos que contengan Datos Personales de sus clientes, trabajadores y proveedores o contratistas que sean objeto de Tratamiento.<\/p>\n<p><strong>IDENTIFICACI\u00d3N DEL RESPONSABLE DEL TRATAMIENTO DE DATOSPERSONALES<\/strong><\/p>\n<p>YUGEN con domicilio principal en Bucaramanga \u2013 Colombia, centro comercial cuarta etapa local 322 NIT 109730649-9.<\/p>\n<p>Tel\u00e9fono +57 3115648852<\/p>\n<p>Correo electr\u00f3nico:\u00a0yugenbga@gmail.com<\/p>\n<p><strong>DEFINICIONES<\/strong><\/p>\n<p>Para efectos de la presente pol\u00edtica y de conformidad con lo establecido en la norma, ser\u00e1n aplicables las siguientes definiciones:<\/p>\n<ol>\n<li><strong>Aviso de Privacidad:<\/strong>Comunicaci\u00f3n verbal o escrita generada por el Responsable, dirigida al Titular para el Tratamiento de sus Datos Personales, mediante la cual se le informa acerca de la existencia de las Pol\u00edticas de Tratamiento de informaci\u00f3n que le ser\u00e1n aplicables, la forma de acceder a las mismas y las finalidades del Tratamiento que se pretende dar a los datos personales.<\/li>\n<li><strong>Base de Datos:<\/strong>Conjunto de datos personales que sea objeto de tratamiento.<\/li>\n<li><strong>Dato Personal:<\/strong>Cualquier informaci\u00f3n vinculada o que pueda asociarse a una o varias personas naturales determinadas o determinables.<\/li>\n<li><strong>Dato Sensible:<\/strong>Informaci\u00f3n que afecta la intimidad del Titular o cuyo uso indebido puede generar discriminaci\u00f3n tales como aquellos que revelan el origen racial o \u00e9tnico, la orientaci\u00f3n pol\u00edtica, las convicciones religiosas o filos\u00f3ficas, la pertenencia a sindicatos, organizaciones sociales, de derechos humanos o que promueva intereses de cualquier partido pol\u00edtico o que garanticen los derechos y garant\u00edas de partidos pol\u00edticos de oposici\u00f3n, as\u00ed como los datos relativos a la salud, a la vida sexual, y los datos biom\u00e9tricos.<\/li>\n<li><strong>Encargado del Tratamiento:<\/strong>Persona natural o jur\u00eddica, p\u00fablica o privada, que por s\u00ed misma o en asocio con otros, realice el Tratamiento de Datos Personales por cuenta del Responsable del Tratamiento. En los eventos en que el Responsable no ejerza como Encargado de la Base de Datos, se identificar\u00e1 expresamente qui\u00e9n ser\u00e1 el Encargado.<\/li>\n<li><strong>Responsable del Tratamiento:<\/strong>Persona natural o jur\u00eddica, p\u00fablica o privada, que por s\u00ed misma o en asocio con otros, decida sobre la base de datos y\/o el tratamiento de los datos.<\/li>\n<li><strong>Titular:<\/strong>Persona natural cuyos datos personales sean objeto de tratamiento.<\/li>\n<li><strong>Tratamiento:<\/strong>Cualquier operaci\u00f3n o conjunto de operaciones sobre datos personales, tales como la recolecci\u00f3n, almacenamiento, uso, circulaci\u00f3n o supresi\u00f3n.<\/li>\n<li><strong>Transferencia:<\/strong>La transferencia de datos tiene lugar cuando el responsable y\/o el Encargado del Tratamiento de datos personales, ubicado en Colombia, env\u00eda la informaci\u00f3n o los datos personales a un receptor, que a su vez es Responsable del Tratamiento y se encuentra dentro o fuera del pa\u00eds.<\/li>\n<li><strong>Transmisi\u00f3n:<\/strong>Tratamiento de datos personales que implica la comunicaci\u00f3n de los mismos dentro o fuera del territorio de la Rep\u00fablica de Colombia cuando tenga por objeto la realizaci\u00f3n de un tratamiento por el Encargado por cuenta del Responsable.<\/li>\n<\/ol>\n<p><strong>PRINCIPIOS APLICABLES AL TRATAMIENTO DE DATOS PERSONALES<\/strong><\/p>\n<p>Para el Tratamiento de los Datos Personales, YUGEN aplicar\u00e1 los principios que se mencionan a continuaci\u00f3n, los cuales constituyen las reglas a seguir en la recolecci\u00f3n, manejo, uso, tratamiento, almacenamiento e intercambio, de datos personales:<\/p>\n<p><strong>Consentimiento informado o principio de Libertad<\/strong><\/p>\n<p>El tratamiento de los datos personales dentro de YUGEN, s\u00f3lo podr\u00e1 hacerse con el consentimiento previo, expreso e informado del Titular de los datos. Los datos personales no podr\u00e1n ser obtenidos,<br \/>tratados o divulgados sin autorizaci\u00f3n del Titular, salvo mandato legal o judicial que supla el consentimiento expreso del Titular.<\/p>\n<p><strong>Legalidad<\/strong><\/p>\n<p>El Tratamiento de datos personales se realizar\u00e1 conforme a las disposiciones legales aplicables (Ley Estatutaria 1581 de 2012 y sus decretos reglamentarios).<\/p>\n<p><strong>Finalidad del Dato<\/strong><\/p>\n<p>Los datos personales recolectados ser\u00e1n utilizados para un prop\u00f3sito espec\u00edfico y expl\u00edcito el cual debe ser informado al Titular o permitido por la Ley. El Titular ser\u00e1 informado de manera clara, suficiente y previa<br \/>acerca de la finalidad de la informaci\u00f3n suministrada.<\/p>\n<p><strong>Calidad o veracidad del dato<\/strong><\/p>\n<p>La informaci\u00f3n sujeta al Tratamiento de Datos Personales debe ser veraz, completa, exacta, actualizada, comprobable y comprensible.<\/p>\n<p><strong>Transparencia<\/strong><\/p>\n<p>En el Tratamiento de Datos Personales se garantiza el derecho del Titular a obtener en cualquier momento y sin restricciones, informaci\u00f3n acerca de la existencia de datos que le conciernan.<\/p>\n<p><strong>Acceso y Circulaci\u00f3n Restringida<\/strong><\/p>\n<p>El Tratamiento se sujeta a los l\u00edmites que se derivan de la naturaleza de los datos personales, de las disposiciones de la presente ley y la Constituci\u00f3n. En este sentido, el Tratamiento s\u00f3lo podr\u00e1 hacerse por personas autorizadas por el Titular y\/o por las personas previstas en la presente ley;\u00a0Los datos personales, salvo la informaci\u00f3n p\u00fablica, no podr\u00e1n estar disponibles en Internet u otros medios de divulgaci\u00f3n o comunicaci\u00f3n masiva, salvo que el acceso sea t\u00e9cnicamente controlable para brindar un conocimiento restringido s\u00f3lo a los Titulares o terceros autorizados conforme a la presente ley.<\/p>\n<p><strong>Temporalidad del dato<\/strong><\/p>\n<p>Agotada la finalidad para la cual fue recolectado el Dato Personal, YUGEN deber\u00e1 cesar en su uso y por ende adoptar\u00e1 las medidas pertinentes que aseguren su eliminaci\u00f3n. Para tal fin se tendr\u00e1n en cuenta las obligaciones de ley comercial en materia de conservaci\u00f3n de libros de comercio y correspondencia del comerciante.<\/p>\n<p>No obstante, en caso de considerarse necesario, los datos podr\u00e1n permanecer en las Bases de Datos de YUGEN cuando se requieran para dar cumplimiento a un deber legal u orden judicial, as\u00ed como cuando su tratamiento se limite a su conservaci\u00f3n para fines hist\u00f3ricos o estad\u00edsticos.<\/p>\n<p><strong>Seguridad del Dato<\/strong><\/p>\n<p>YUGEN, adoptar\u00e1 las medidas de seguridad f\u00edsicas, tecnol\u00f3gicas y\/o administrativas que sean necesarias para garantizar los atributos de integridad, autenticidad y confiabilidad de los datos<br \/>personales, con el fin de evitar la adulteraci\u00f3n, p\u00e9rdida, fuga, consulta, uso o acceso no autorizado o fraudulento.<\/p>\n<p><strong>Confidencialidad<\/strong><\/p>\n<p>YUGEN y todas las personas que intervengan en el Tratamiento de datos de car\u00e1cter personal, tienen la obligaci\u00f3n profesional de guardar y mantener la reserva de tales datos, salvo las excepciones legales. Esta obligaci\u00f3n subsiste a\u00fan despu\u00e9s de finalizada la relaci\u00f3n que dio origen a la recolecci\u00f3n y tratamiento del dato.<\/p>\n<p>YUGEN implementar\u00e1, en sus relaciones contractuales, cl\u00e1usulas de protecci\u00f3n de datos en este sentido.<\/p>\n<p><strong>Deber de Informaci\u00f3n<\/strong><\/p>\n<p>YUGEN informar\u00e1 a los titulares de los datos personales el r\u00e9gimen de protecci\u00f3n de datos adoptado por la empresa, la finalidad y dem\u00e1s principios que regulan el tratamiento de estos datos. As\u00ed mismo informar\u00e1 sobre la existencia de las Bases de Datos de car\u00e1cter personal que custodie, los derechos y el ejercicio del habeas data por parte de los titulares, procediendo al registro que exige la ley.<\/p>\n<p><strong>Protecci\u00f3n especial de datos sensibles<\/strong><\/p>\n<p>YUGEN no recolectar\u00e1 ni tratar\u00e1 datos personales ligados exclusivamente a ideolog\u00edas pol\u00edticas, afiliaci\u00f3n sindical, creencias religiosas, vida sexual, origen \u00e9tnico y\/o datos de salud, salvo autorizaci\u00f3n<br \/>expresa del titular o por expresa disposici\u00f3n legal. Ninguna actividad de YUGEN, estar\u00e1 condicionada a que el Titular suministre datos personales sensibles, excepto cuando sea imperioso por redundar en beneficio del titular de la informaci\u00f3n o en raz\u00f3n a que la situaci\u00f3n espec\u00edfica as\u00ed lo requiera.<\/p>\n<p><strong>TRATAMIENTO Y FINALIDADES<\/strong><\/p>\n<p>YUGEN ser\u00e1 el que recolecta, almacena, procesa, usa y transmite o transfiere (seg\u00fan corresponda) los datos personales, atendiendo de forma estricta los deberes de seguridad y confidencialidad ordenados por la Ley 1581 de 2012 y el Decreto 1377 de 2013, con las siguientes finalidades:<\/p>\n<p><strong>Finalidades generales para el tratamiento de Datos Personales<\/strong><\/p>\n<ul>\n<li>Permitir la participaci\u00f3n de los Titulares en actividades de mercadeo y promocionales (incluyendo la participaci\u00f3n en concursos, rifas y sorteos) realizados por YUGEN).<\/li>\n<li>Evaluar la calidad del servicio, realizar estudios de mercado sobre h\u00e1bitos de consumo y an\u00e1lisis estad\u00edsticos para usos internos.<\/li>\n<li>Controlar el acceso a las oficinas de YUGEN y establecer medidas de seguridad, incluyendo el establecimiento de zonas video-vigiladas.<\/li>\n<li>Dar respuesta a consultas, peticiones, quejas y reclamos que sean realizadas por los Titulares y organismos de control y trasmitir los Datos Personales a las dem\u00e1s autoridades que en virtud de la ley aplicable deban recibir los Datos Personales.<\/li>\n<li>Para eventualmente contactar, v\u00eda correo electr\u00f3nico, o por cualquier otro medio, a personas naturales con quienes tiene o ha tenido relaci\u00f3n tales como, trabajadores y familiares de \u00e9stos, accionistas, consumidores, clientes, distribuidores, proveedores, acreedores y deudores, para las finalidades antes mencionadas.<\/li>\n<li>Transferir la informaci\u00f3n recolectada a distintas \u00e1reas de la compa\u00f1\u00eda cuando ello sea necesario para el desarrollo de sus operaciones (recaudo de cartera y cobros administrativo, tesorer\u00eda, contabilidad, entre otros).<\/li>\n<li>Para la atenci\u00f3n de requerimientos judiciales o administrativos y el cumplimiento de mandatos judiciales o legales.<\/li>\n<li>Registrar sus datos personales en los sistemas de informaci\u00f3n de La compa\u00f1ia y en sus bases de datos comerciales y operativas.<\/li>\n<li>Cualquier otra actividad de naturaleza similar a las anteriormente descritas que sean necesarias para desarrollar el objeto social de YUGEN.<\/li>\n<\/ul>\n<p><strong>Respecto a los datos personales de nuestros empleados:<\/strong><\/p>\n<ul>\n<li>Administrar y operar, directamente o por conducto de terceros, los procesos de selecci\u00f3n y vinculaci\u00f3n de personal, incluyendo la evaluaci\u00f3n y calificaci\u00f3n de los participantes y la verificaci\u00f3n de referencias laborales y personales, y la realizaci\u00f3n de estudios de seguridad.<\/li>\n<li>Desarrollar las actividades propias de la gesti\u00f3n de Recursos Humanos dentro de YUGEN, tales como n\u00f3mina, afiliaciones a entidades del sistema general de seguridad social, actividades de bienestar y salud ocupacional, ejercicio de la potestad sancionatoria del empleador, entre otras.<\/li>\n<li>Realizar los pagos necesarios derivados de la ejecuci\u00f3n del contrato de trabajo y\/o su terminaci\u00f3n, y las dem\u00e1s prestaciones sociales a que haya lugar de conformidad con la ley aplicable.<\/li>\n<li>Contratar beneficios laborales con terceros, tales como seguros de vida, gastos m\u00e9dicos, entre otros.<\/li>\n<li>Notificar a contactos autorizados en caso de emergencias durante el horario de trabajo o con ocasi\u00f3n del desarrollo del mismo.<\/li>\n<li>Coordinar el desarrollo profesional de los empleados, el acceso de los empleados a los recursos inform\u00e1ticos del empleador y dar soporte para su utilizaci\u00f3n.<\/li>\n<li>Planificar actividades empresariales.<\/li>\n<\/ul>\n<p><strong>Respecto a los Datos de Proveedores:<\/strong><\/p>\n<ul>\n<li>Para el proceso de selecci\u00f3n, evaluaci\u00f3n y ejecuci\u00f3n del contrato a que haya lugar.<\/li>\n<li>Para la evaluaci\u00f3n del cumplimiento de sus obligaciones.<\/li>\n<li>Para hacer el registro en las bases de Datos de YUGEN.<\/li>\n<li>Para invitaciones a eventos programados por la Compa\u00f1\u00eda o sus vinculadas.<\/li>\n<li>Para procesar sus pagos y verificar saldos pendientes.<\/li>\n<\/ul>\n<p><strong>Respecto a los datos personales de nuestros Clientes:<\/strong><\/p>\n<ul>\n<li>Para cumplir las obligaciones contra\u00eddas por YUGEN con sus Clientes y Consumidores al momento de adquirir nuestros productos.<\/li>\n<li>Enviar informaci\u00f3n sobre cambios en las condiciones de los productos ofrecidos por YUGEN.<\/li>\n<li>Para el fortalecimiento de las relaciones con sus Clientes, mediante el env\u00edo de informaci\u00f3n relevante, la toma de pedidos y evaluaci\u00f3n de la calidad del servicio.<\/li>\n<li>Para la determinaci\u00f3n de obligaciones pendientes, la consulta de informaci\u00f3n financiera e historia crediticia y el reporte a centrales de informaci\u00f3n de obligaciones incumplidas, respecto de sus deudores.<\/li>\n<li>Controlar el acceso a las oficinas de YUGEN y establecer medidas de seguridad, incluyendo el establecimiento de zonas video-vigiladas.<\/li>\n<li>Utilizar los distintos servicios a trav\u00e9s de los sitios web de La compa\u00f1\u00eda, incluyendo descargas de contenidos y formatos.<\/li>\n<\/ul>\n<p><strong>DERECHOS DE LOS TITULARES DE LOS DATOS<\/strong><\/p>\n<p>Las personas naturales cuyos Datos Personales sean objeto de Tratamiento por parte de YUGEN, tienen los siguientes derechos, los cuales pueden ejercer en cualquier momento:<\/p>\n<ol>\n<li>Conocer los Datos Personales sobre los cuales YUGEN est\u00e1 realizando el Tratamiento. De igual manera, el Titular puede solicitar en cualquier momento, que sus datos sean actualizados o<br \/>rectificados, por ejemplo, si encuentra que sus datos son parciales, inexactos, incompletos, fraccionados, induzcan a error, o aquellos cuyo Tratamiento est\u00e9 expresamente prohibido o no haya sido autorizado.<\/li>\n<li>Solicitar prueba de la autorizaci\u00f3n otorgada a YUGEN para el Tratamiento de sus Datos Personales.<\/li>\n<li>Ser informado por YUGEN, previa solicitud, respecto del uso que \u00e9sta le ha dado a sus Datos Personales.<\/li>\n<li>Presentar ante la Superintendencia de Industria y Comercio quejas por infracciones a lo dispuesto en la Ley de Protecci\u00f3n de Datos Personales.<\/li>\n<li>Solicitar a YUGEN la supresi\u00f3n de sus Datos Personales y\/o revocar la autorizaci\u00f3n otorgada para el Tratamiento de los mismos, mediante la presentaci\u00f3n de un reclamo, de acuerdo con los<br \/>procedimientos establecidos en el numeral 13 de esta Pol\u00edtica. No obstante, la solicitud de supresi\u00f3n de la informaci\u00f3n y la revocatoria de la autorizaci\u00f3n no proceder\u00e1n cuando el Titular de la informaci\u00f3n tenga un deber legal o contractual de permanecer en la Base de Datos y\/o Archivos, ni mientras se encuentre vigente la relaci\u00f3n entre el Titular y YUGEN, en virtud de la cual fueron recolectados sus datos.<\/li>\n<li>Acceder de forma gratuita a sus Datos Personales que hayan sido<br \/>objeto de Tratamiento.Los derechos de los Titulares podr\u00e1n ejercerse por las siguientes personas:\n<ul>\n<li>Por el Titular;<\/li>\n<li>Por sus causahabientes, quienes deber\u00e1n acreditar tal calidad;<\/li>\n<li>Por el representante y\/o apoderado del Titular, previa acreditaci\u00f3n de la representaci\u00f3n o apoderamiento;<\/li>\n<li>Por estipulaci\u00f3n a favor de otro o para otro.<\/li>\n<\/ul>\n<\/li>\n<\/ol>\n<p>De manera excepcional, esta autorizaci\u00f3n no ser\u00e1 requerida en los siguientes casos:<\/p>\n<ul>\n<li>Cuando sea requerida o deba ser entregada a una entidad p\u00fablica o administrativa en cumplimiento de sus funciones legales, o por orden judicial.<\/li>\n<li>Cuando se trate de datos de naturaleza p\u00fablica.<\/li>\n<li>En casos de emergencia m\u00e9dica o sanitaria.<\/li>\n<li>Cuando sea tratamiento de informaci\u00f3n autorizado por la ley para fines hist\u00f3ricos, estad\u00edsticos o cient\u00edficos.<\/li>\n<li>Cuando se trate de datos personales relacionados con el Registro Civil de personas.<\/li>\n<\/ul>\n<p>En los anteriores casos, si bien no se requiere de la autorizaci\u00f3n del Titular, si tendr\u00e1n aplicaci\u00f3n los dem\u00e1s principios y disposiciones legales sobre protecci\u00f3n de datos personales.<\/p>\n<p><strong>Deberes de YUGEN como Responsable del Tratamiento de Datos Personales<\/strong><\/p>\n<p>YUGEN tiene presente que los Datos Personales son de propiedad de las personas a las que se refieren y solamente ellas pueden decidir sobre los mismos. En ese sentido, la compa\u00f1ia har\u00e1 uso de los Datos Personales recolectados \u00fanicamente para las finalidades para las que se encuentra debidamente facultada y respetando, en todo caso, la normatividad vigente sobre la Protecci\u00f3n de Datos Personales.<\/p>\n<p>YUGEN atender\u00e1 los deberes previstos para los Responsables del Tratamiento, contenidos en el art\u00edculo 17 de la Ley 1581 de 2012 y las dem\u00e1s normas que la reglamenten, modifiquen o sustituyan.<\/p>\n<p><strong>Tratamiento de Datos Personales de Ni\u00f1os, Ni\u00f1as y Adolescentes<\/strong><\/p>\n<p>Seg\u00fan lo dispuesto por el Art\u00edculo 7o de la Ley 1581 de 2012 y el art\u00edculo 12 del Decreto 1377 de 2013, YUGEN s\u00f3lo realizar\u00e1 el Tratamiento, correspondientes a ni\u00f1os, ni\u00f1as y adolescentes, siempre y cuando este Tratamiento responda y respete el inter\u00e9s superior de los ni\u00f1os, ni\u00f1as y adolescentes y asegure el respeto de sus derechos fundamentales. Cumplidos los anteriores requisitos, la compa\u00f1\u00eda deber\u00e1 obtener la autorizaci\u00f3n del representante legal del ni\u00f1o, ni\u00f1a o adolescente, previo ejercicio del menor de su derecho a ser escuchado, opini\u00f3n que ser\u00e1 valorada teniendo en cuenta la madurez, autonom\u00eda y capacidad para entender el asunto.<\/p>\n<p><strong>MODIFICACIONES A LAS POL\u00cdTICAS<\/strong><\/p>\n<p>YUGEN se reserva el derecho de modificar la pol\u00edtica de Protecci\u00f3n de Datos Personales en cualquier momento. Toda modificaci\u00f3n se comunicar\u00e1 de forma oportuna a los Titulares de los datos a trav\u00e9s de los medios habituales de contacto y\/o a trav\u00e9s de su p\u00e1gina web con diez (10) d\u00edas h\u00e1biles de antelaci\u00f3n a su entrada en vigencia. En caso de no estar de acuerdo por razones v\u00e1lidas y que se constituyan en una justa causa con las nuevas pol\u00edticas de manejo de la informaci\u00f3n personal, los Titulares de la informaci\u00f3n o sus representantes podr\u00e1n solicitar a la entidad el retiro de su informaci\u00f3n a trav\u00e9s de los canales indicados anteriormente, sin embargo no se podr\u00e1 solicitar el retiro de los datos mientras se mantenga un v\u00ednculo de cualquier orden con la entidad.<\/p>\n<p><strong>LEGISTACI\u00d3N APLICABLE<\/strong><\/p>\n<p>Esta Pol\u00edtica de Protecci\u00f3n de Datos Personales, el Aviso de Privacidad, y el Anexo de Formato de Autorizaci\u00f3n que hace parte de esta Pol\u00edtica, se rigen por lo dispuesto en la legislaci\u00f3n vigente sobre protecci\u00f3n de los Datos Personales a los que se refieren el Art\u00edculo 15 de la Constituci\u00f3n Pol\u00edtica de Colombia, la Ley 1266 de 2008, la Ley 1581 de 2012, el Decreto 1377 de 2013, el Decreto 1727 de 2009 y dem\u00e1s normas que las modifiquen, deroguen o sustituyan.<\/p>\n<p><strong>Vigencia<\/strong><\/p>\n<p>Esta Pol\u00edtica de Protecci\u00f3n de Datos Personales est\u00e1 vigente desde el 31 de Mayo de 2017.<\/p>\n<p>\u00a0<\/p>\t\t\t\t\t\t<\/div>\n\t\t\t\t<\/div>\n\t\t\t\t\t<\/div>\n\t\t<\/div>\n\t\t\t\t\t\t\t<\/div>\n\t\t<\/section>\n\t\t\t\t\t\t\t<\/div>\n\t\t","protected":false},"excerpt":{"rendered":"<p>ALCANCE La presente Pol\u00edtica de Protecci\u00f3n de Datos Personales ha sido elaborada conforme a lo dispuesto en la Constituci\u00f3n Pol\u00edtica, la Ley 1581 de 2012, el Decreto reglamentario 1377 de 2013 y dem\u00e1s disposiciones complementarias, las cuales ser\u00e1n aplicadas por YUGEN a todas las Bases de Datos y\/o Archivos que contengan Datos Personales de sus [&hellip;]<\/p>\n","protected":false},"author":1,"featured_media":0,"parent":0,"menu_order":0,"comment_status":"closed","ping_status":"open","template":"","meta":{"footnotes":""},"_links":{"self":[{"href":"https:\/\/yugenestilo.com\/index.php\/wp-json\/wp\/v2\/pages\/3"}],"collection":[{"href":"https:\/\/yugenestilo.com\/index.php\/wp-json\/wp\/v2\/pages"}],"about":[{"href":"https:\/\/yugenestilo.com\/index.php\/wp-json\/wp\/v2\/types\/page"}],"author":[{"embeddable":true,"href":"https:\/\/yugenestilo.com\/index.php\/wp-json\/wp\/v2\/users\/1"}],"replies":[{"embeddable":true,"href":"https:\/\/yugenestilo.com\/index.php\/wp-json\/wp\/v2\/comments?post=3"}],"version-history":[{"count":3,"href":"https:\/\/yugenestilo.com\/index.php\/wp-json\/wp\/v2\/pages\/3\/revisions"}],"predecessor-version":[{"id":3284,"href":"https:\/\/yugenestilo.com\/index.php\/wp-json\/wp\/v2\/pages\/3\/revisions\/3284"}],"wp:attachment":[{"href":"https:\/\/yugenestilo.com\/index.php\/wp-json\/wp\/v2\/media?parent=3"}],"curies":[{"name":"wp","href":"https:\/\/api.w.org\/{rel}","templated":true}]}}